nds digit of 6155?
6
What is the hundreds digit of 7371?
3
What is the tens digit of 417?
1
What is the hundreds digit of 1967?
9
What is the units digit of 4868?
8
What is the thousands digit of 1491?
1
What is the thousands digit of 1680?
1
What is the tens digit of 7352?
5
What is the tens digit of 3543?
4
What is the units digit of 312?
2
What is the hundreds digit of 205?
2
What is the thousands digit of 2461?
2
What is the units digit of 66777?
7
What is the thousands digit of 4043?
4
What is the hundreds digit of 7495?
4
What is the thousands digit of 63052?
3
What is the tens digit of 5835?
3
What is the ten thousands digit of 46780?
4
What is the units digit of 64705?
5
What is the thousands digit of 1142?
1
What is the hundreds digit of 863?
8
What is the tens digit of 649?
4
What is the units digit of 1444?
4
What is the tens digit of 422?
2
What is the thousands digit of 1004?
1
What is the thousands digit of 17880?
7
What is the hundreds digit of 64190?
1
What is the tens digit of 51304?
0
What is the ten thousands digit of 46270?
4
What is the hundreds digit of 736?
7
What is the units digit of 8285?
5
What is the ten thousands digit of 23533?
2
What is the tens digit of 936?
3
What is the thousands digit of 40297?
0
What is the units digit of 3967?
7
What is the hundreds digit of 91469?
4
What is the tens digit of 2556?
5
What is the hundreds digit of 2629?
6
What is the units digit of 6821?
1
What is the units digit of 87432?
2
What is the units digit of 631?
1
What is the units digit of 17745?
5
What is the hundreds digit of 1573?
5
What is the tens digit of 12800?
0
What is the hundreds digit of 8923?
9
What is the hundreds digit of 1278?
2
What is the units digit of 919?
9
What is the hundreds digit of 13067?
0
What is the hundreds digit of 74883?
8
What is the hundreds digit of 260?
2
What is the units digit of 27962?
2
What is the thousands digit of 27557?
7
What is the thousands digit of 41387?
1
What is the units digit of 1531?
1
What is the tens digit of 2146?
4
What is the hundreds digit of 1397?
3
What is the hundreds digit of 1496?
4
What is the units digit of 98170?
0
What is the tens digit of 1051?
5
What is the tens digit of 5543?
4
What is the units digit of 2104?
4
What is the hundreds digit of 4695?
6
What is the thousands digit of 11171?
1
What is the thousands digit of 13227?
3
What is the hundreds digit of 427?
4
What is the units digit of 1070?
0
What is the thousands digit of 1294?
1
What is the tens digit of 483?
8
What is the tens digit of 3759?
5
What is the hundreds digit of 3391?
3
What is the hundreds digit of 5275?
2
What is the tens digit of 5283?
8
What is the tens digit of 525?
2
What is the tens digit of 15290?
9
What is the thousands digit of 1347?
1
What is the thousands digit of 2825?
2
What is the tens digit of 1051?
5
What is the ten thousands digit of 29490?
2
What is the units digit of 6252?
2
What is the hundreds digit of 550?
5
What is the hundreds digit of 32308?
3
What is the units digit of 4299?
9
What is the hundreds digit of 40737?
7
What is the units digit of 1549?
9
What is the thousands digit of 108394?
8
What is the hundreds digit of 185?
1
What is the units digit of 12677?
7
What is the hundreds digit of 52410?
4
What is the hundreds digit of 18040?
0
What is the hundreds digit of 7495?
4
What is the thousands digit of 2710?
2
What is the thousands digit of 52103?
2
What is the tens digit of 684?
8
What is the hundreds digit of 17489?
4
What is the tens digit of 71199?
9
What is the units digit of 11130?
0
What is the units digit of 216?
6
What is the hundreds digit of 63746?
7
What is the tens digit of 218?
1
What is the thousands digit of 18630?
8
What is the tens digit of 1970?
7
What is the tens digit of 150467?
6
What is the units digit of 5134?
4
What is the thousands digit of 2864?
2
What is the tens digit of 23669?
6
What is the thousands digit of 1531?
1
What is the units digit of 1582?
2
What is the hundreds digit of 1140?
1
What is the ten thousands digit of 10218?
1
What is the tens digit of 1242?
4
What is the tens digit of 5142?
4
What is the hundreds digit of 2830?
8
What is the tens digit of 61?
6
What is the hundreds digit of 2278?
2
What is the thousands digit of 75673?
5
What is the hundreds digit of 1839?
8
What is the ten thousands digit of 14304?
1
What is the units digit of 35066?
6
What is the tens digit of 1249?
4
What is the tens digit of 1166?
6
What is the hundreds digit of 230?
2
What is the hundreds digit of 7566?
5
What is the thousands digit of 4562?
4
What is the tens digit of 724?
2
What is the thousands digit of 1780?
1
What is the ten thousands digit of 49913?
4
What is the tens digit of 600?
0
What is the units digit of 2791?
1
What is the hundreds digit of 33842?
8
What is the thousands digit of 1683?
1
What is the tens digit of 6355?
5
What is the units digit of 614?
4
What is the thousands digit of 2217?
2
What is the hundreds digit of 469?
4
What is the hundreds digit of 638?
6
What is the hundreds digit of 7081?
0
What is the tens digit of 1901?
0
What is the units digit of 30961?
1
What is the units digit of 643?
3
What is the tens digit of 33054?
5
What is the tens digit of 145988?
8
What is the units digit of 1453?
3
What is the units digit of 5846?
6
What is the tens digit of 64?
6
What is the thousands digit of 5053?
5
What is the tens digit of 711?
1
What is the units digit of 822?
2
What is the tens digit of 4572?
7
What is the hundreds digit of 132?
1
What is the thousands digit of 17429?
7
What is the thousands digit of 2663?
2
What is the tens digit of 5681?
8
What is the hundreds digit of 58812?
8
What is the thousands digit of 30893?
0
What is the thousands digit of 38072?
8
What is the tens digit of 3213?
1
What is the units digit of 21026?
6
What is the units digit of 1096?
6
What is the units digit of 451?
1
What is the units digit of 160?
0
What is the tens digit of 239?
3
What is the tens digit of 32048?
4
What is the tens digit of 85399?
9
What is the tens digit of 1126?
2
What is the hundreds digit of 45821?
8
What is the thousands digit of 2273?
2
What is the units digit of 2912?
2
What is the ten thousands digit of 43935?
4
What is the hundreds digit of 4520?
5
What is the hundreds digit of 2312?
3
What is the tens digit of 2802?
0
What is the thousands digit of 5862?
5
What is the hundreds digit of 1207?
2
What is the ten thousands digit of 12429?
1
What is the thousands digit of 46984?
6
What is the tens digit of 1786?
8
What is the hundreds digit of 3495?
4
What is the ten thousands digit of 11575?
1
What is the thousands digit of 7438?
7
What is the thousands digit of 37567?
7
What is the thousands digit of 1134?
1
What is the tens digit of 85?
8
What is the ten thousands digit of 76129?
7
What is the thousands digit of 7732?
7
What is the units digit of 8165?
5
What is the units digit of 8926?
6
What is the units digit of 7957?
7
What is the hundreds digit of 2107?
1
What is the hundreds digit of 6121?
1
What is the hundreds digit of 9326?
3
What is the units digit of 15230?
0
What is the hundreds digit of 155?
1
What is the hundreds digit of 15394?
3
What is the thousands digit of 14031?
4
What is the hundreds digit of 1558?
5
What is the hundreds digit of 5835?
8
What is the tens digit of 1077?
7
What is the tens digit of 12512?
1
What is the tens digit of 5381?
8
What is the units digit of 78368?
8
What is the units digit of 18762?
2
What is the units digit of 11396?
6
What is the hundreds digit of 1213?
2
What is the tens digit of 21454?
5
What is the thousands digit of 5832?
5
What is the tens digit of 11144?
4
What is the tens digit of 1349?
4
What is the hundreds digit of 16753?
7
What is the tens digit of 887?
8
What is the ten thousands digit of 12019?
1
What is the thousands digit of 6612?
6
What is the hundreds digit of 244?
2
What is the tens digit of 135?
3
What is the hundreds digit of 11924?
9
What is the thousands digit of 16947?
6
What is the tens digit of 67?
6
What is the tens digit of 1533?
3
What is the units digit of 46242?
2
What is the hundreds digit of 36161?
1
What is the hundreds digit of 2372?
3
What is the units digit of 8287?
7
What is the hundreds digit of 2085?
0
What is th